{"id":1159,"date":"2018-08-31T17:14:32","date_gmt":"2018-08-31T20:14:32","guid":{"rendered":"https:\/\/isp6-sfe.infd.edu.ar\/sitio\/licencia-docente\/"},"modified":"2025-06-24T17:09:12","modified_gmt":"2025-06-24T20:09:12","slug":"licencia-docente","status":"publish","type":"page","link":"https:\/\/isp6-sfe.infd.edu.ar\/sitio\/licencia-docente\/","title":{"rendered":"Licencia Docente"},"content":{"rendered":"<h2><strong>Formulario para solicitar una Licencia:<\/strong><\/h2>\n<p><a href=\"https:\/\/forms.gle\/n2rh2NVy9XJ8eMCZ8\">https:\/\/forms.gle\/n2rh2NVy9XJ8eMCZ8<\/a><\/p>\n<p>Quedan a disposici\u00f3n para descargar los formularios para la solicitud de licencia.<strong><br \/>\n<\/strong><\/p>\n<ul>\n<li><a href=\"https:\/\/isp6-sfe.infd.edu.ar\/sitio\/wp-content\/uploads\/2025\/06\/Certificado-Atencion-Familiar-Enfermo.pdf\">Certificado Atenci\u00f3n Familiar Enfermo<\/a><\/li>\n<li><a href=\"https:\/\/isp6-sfe.infd.edu.ar\/sitio\/wp-content\/uploads\/2025\/06\/Modelo-certificado-medico.pdf\">Modelo certificado m\u00e9dico<\/a><\/li>\n<li><span style=\"font-size: 12pt;\"><a title=\"Codigiario de ausencias\" href=\"upload\/CodigarioDeAusencias.pdf\" target=\"_blank\" rel=\"noopener\">Codigario de ausencias<\/a>.<\/span><\/li>\n<\/ul>\n","protected":false},"excerpt":{"rendered":"<p>Formulario para solicitar una Licencia: https:\/\/forms.gle\/n2rh2NVy9XJ8eMCZ8 Quedan a disposici\u00f3n para descargar los formularios para la solicitud de licencia. Certificado Atenci\u00f3n Familiar Enfermo Modelo certificado m\u00e9dico Codigario de ausencias.<\/p>\n","protected":false},"author":343,"featured_media":0,"parent":0,"menu_order":0,"comment_status":"closed","ping_status":"closed","template":"","meta":[],"acf":[],"_links":{"self":[{"href":"https:\/\/isp6-sfe.infd.edu.ar\/sitio\/wp-json\/wp\/v2\/pages\/1159"}],"collection":[{"href":"https:\/\/isp6-sfe.infd.edu.ar\/sitio\/wp-json\/wp\/v2\/pages"}],"about":[{"href":"https:\/\/isp6-sfe.infd.edu.ar\/sitio\/wp-json\/wp\/v2\/types\/page"}],"author":[{"embeddable":true,"href":"https:\/\/isp6-sfe.infd.edu.ar\/sitio\/wp-json\/wp\/v2\/users\/343"}],"replies":[{"embeddable":true,"href":"https:\/\/isp6-sfe.infd.edu.ar\/sitio\/wp-json\/wp\/v2\/comments?post=1159"}],"version-history":[{"count":6,"href":"https:\/\/isp6-sfe.infd.edu.ar\/sitio\/wp-json\/wp\/v2\/pages\/1159\/revisions"}],"predecessor-version":[{"id":2859,"href":"https:\/\/isp6-sfe.infd.edu.ar\/sitio\/wp-json\/wp\/v2\/pages\/1159\/revisions\/2859"}],"wp:attachment":[{"href":"https:\/\/isp6-sfe.infd.edu.ar\/sitio\/wp-json\/wp\/v2\/media?parent=1159"}],"curies":[{"name":"wp","href":"https:\/\/api.w.org\/{rel}","templated":true}]}}